eatest common factor of 442 and 4.
2
What is the greatest common divisor of 6875 and 50?
25
What is the highest common divisor of 8 and 38?
2
What is the greatest common divisor of 20 and 4160?
20
Calculate the highest common factor of 286 and 44.
22
Calculate the highest common divisor of 93 and 9517.
31
Calculate the highest common divisor of 3 and 177.
3
Calculate the greatest common factor of 297 and 33.
33
What is the highest common factor of 474 and 6083?
79
Calculate the highest common factor of 1116 and 234.
18
What is the highest common factor of 90 and 252?
18
Calculate the greatest common factor of 288 and 54.
18
What is the greatest common factor of 69 and 69?
69
Calculate the greatest common divisor of 76758 and 22.
22
What is the highest common factor of 17 and 544?
17
What is the highest common divisor of 391 and 207?
23
What is the greatest common divisor of 28 and 154?
14
Calculate the greatest common factor of 527 and 62.
31
Calculate the greatest common divisor of 15 and 138.
3
What is the highest common factor of 321 and 5671?
107
Calculate the highest common factor of 60 and 12.
12
Calculate the greatest common factor of 40 and 352.
8
Calculate the highest common factor of 3364 and 464.
116
Calculate the greatest common divisor of 1001 and 231.
77
Calculate the greatest common factor of 303 and 1717.
101
Calculate the highest common factor of 576 and 54.
18
What is the highest common divisor of 667 and 230?
23
What is the greatest common divisor of 2720 and 85?
85
What is the greatest common factor of 25 and 500?
25
Calculate the highest common factor of 8 and 184.
8
What is the highest common factor of 48 and 87?
3
What is the highest common factor of 472 and 767?
59
What is the highest common factor of 96 and 528?
48
What is the highest common factor of 46214 and 14?
14
What is the greatest common divisor of 105 and 1505?
35
Calculate the highest common factor of 540 and 20.
20
Calculate the greatest common factor of 20 and 580.
20
Calculate the highest common factor of 2279 and 258.
43
Calculate the highest common divisor of 168 and 72.
24
Calculate the greatest common divisor of 1692 and 5828.
188
What is the greatest common factor of 679 and 97?
97
What is the highest common factor of 115 and 65?
5
What is the highest common divisor of 410 and 738?
82
What is the greatest common divisor of 472 and 8?
8
What is the greatest common factor of 336 and 1092?
84
What is the highest common divisor of 3844 and 558?
62
Calculate the highest common factor of 2 and 53.
1
Calculate the highest common divisor of 6845 and 370.
185
What is the highest common divisor of 11 and 682?
11
What is the highest common divisor of 2093 and 23?
23
Calculate the highest common factor of 124 and 124.
124
What is the highest common factor of 2444 and 13?
13
What is the greatest common divisor of 6 and 372?
6
What is the greatest common divisor of 14 and 350?
14
Calculate the greatest common factor of 16 and 12.
4
Calculate the highest common factor of 30 and 740.
10
Calculate the greatest common divisor of 7 and 27.
1
What is the greatest common divisor of 1 and 1?
1
What is the highest common divisor of 366 and 3?
3
What is the highest common factor of 33388 and 17?
17
Calculate the highest common factor of 609 and 2030.
203
Calculate the highest common divisor of 42 and 196.
14
Calculate the highest common divisor of 1026 and 304.
38
Calculate the highest common divisor of 225 and 15.
15
Calculate the highest common factor of 162 and 18.
18
Calculate the highest common factor of 100 and 16.
4
What is the highest common factor of 644 and 1012?
92
Calculate the highest common factor of 1312 and 2214.
82
What is the greatest common divisor of 6479 and 1045?
209
Calculate the greatest common factor of 39 and 156.
39
Calculate the greatest common factor of 68 and 25296.
68
What is the greatest common factor of 4 and 20?
4
What is the greatest common factor of 78580 and 20?
20
Calculate the greatest common factor of 92 and 1334.
46
Calculate the greatest common divisor of 148 and 12.
4
What is the highest common factor of 505 and 1313?
101
Calculate the greatest common factor of 75 and 60.
15
What is the greatest common divisor of 24 and 6792?
24
What is the highest common factor of 3071 and 581?
83
Calculate the highest common divisor of 7 and 9.
1
What is the greatest common factor of 7343 and 7?
7
What is the highest common divisor of 55 and 88?
11
What is the greatest common divisor of 120 and 48?
24
Calculate the highest common factor of 40 and 200.
40
Calculate the greatest common divisor of 92 and 20838.
46
Calculate the highest common factor of 264 and 11264.
88
Calculate the greatest common divisor of 2349 and 9.
9
Calculate the greatest common factor of 1310 and 10.
10
What is the greatest common divisor of 40 and 70?
10
What is the greatest common factor of 274 and 1233?
137
Calculate the highest common factor of 59 and 944.
59
What is the greatest common factor of 156 and 36?
12
Calculate the greatest common factor of 752 and 235.
47
What is the greatest common factor of 336 and 126?
42
Calculate the greatest common divisor of 3024 and 84.
84
What is the greatest common divisor of 406 and 14?
14
Calculate the highest common factor of 90 and 120.
30
What is the greatest common factor of 37 and 407?
37
What is the greatest common divisor of 4250 and 68?
34
What is the highest common divisor of 12 and 132?
12
Calculate the highest common divisor of 39 and 975.
39
What is the highest common divisor of 66 and 438?
6
Calculate the greatest common factor of 486 and 24.
6
What is the greatest common divisor of 56 and 1316?
28
Calculate the highest common factor of 150 and 2050.
50
Calculate the highest common factor of 50 and 1675.
25
Calculate the greatest common divisor of 26 and 1495.
13
What is the highest common divisor of 3078 and 18?
18
Calculate the greatest common divisor of 8648 and 564.
188
What is the greatest common factor of 61 and 2989?
61
What is the highest common factor of 851 and 1541?
23
Calculate the greatest common factor of 31930 and 310.
310
What is the highest common factor of 682 and 132?
22
Calculate the highest common factor of 48 and 784.
16
Calculate the greatest common divisor of 202 and 8585.
101
Calculate the highest common factor of 3500 and 770.
70
What is the highest common factor of 18 and 225?
9
What is the highest common divisor of 950 and 800?
50
What is the greatest common divisor of 340 and 476?
68
What is the greatest common divisor of 2119 and 26?
13
What is the greatest common factor of 147 and 392?
49
What is the greatest common divisor of 1377 and 204?
51
What is the greatest common divisor of 174 and 6?
6
What is the greatest common divisor of 6408 and 120?
24
Calculate the greatest common divisor of 2349 and 81.
81
What is the greatest common divisor of 5560 and 90?
10
What is the highest common factor of 375 and 1750?
125
Calculate the greatest common factor of 245 and 945.
35
Calculate the highest common divisor of 162 and 72.
18
What is the greatest common factor of 95 and 228?
19
Calculate the greatest common divisor of 70 and 2912.
14
What is the highest common factor of 33 and 2?
1
What is the greatest common factor of 258 and 15?
3
Calculate the greatest common factor of 48 and 6544.
16
What is the highest common factor of 64 and 4000?
32
What is the highest common divisor of 12871 and 61?
61
Calculate the greatest common factor of 7250 and 10.
10
What is the greatest common divisor of 23198 and 56?
14
What is the greatest common divisor of 71 and 4544?
71
What is the greatest common divisor of 14 and 2079?
7
What is the greatest common factor of 321 and 428?
107
Calculate the highest common divisor of 455 and 4875.
65
Calculate the highest common divisor of 2864 and 32.
16
Calculate the highest common divisor of 468 and 104.
52
Calculate the greatest common factor of 272 and 48.
16
What is the greatest common divisor of 1169 and 7?
7
What is the greatest common factor of 747 and 45?
9
Calculate the highest common factor of 14 and 2688.
14
What is the highest common divisor of 645 and 387?
129
What is the greatest common divisor of 224 and 7?
7
What is the highest common factor of 62 an